 is divided by 41?
28
Calculate the remainder when 53 is divided by 8.
5
Calculate the remainder when 12918 is divided by 73.
70
Calculate the remainder when 820 is divided by 268.
16
Calculate the remainder when 71 is divided by 9.
8
Calculate the remainder when 213 is divided by 56.
45
Calculate the remainder when 53 is divided by 25.
3
What is the remainder when 543 is divided by 175?
18
Calculate the remainder when 134 is divided by 48.
38
Calculate the remainder when 377 is divided by 73.
12
Calculate the remainder when 131 is divided by 6.
5
What is the remainder when 47373 is divided by 252?
249
What is the remainder when 1262 is divided by 437?
388
Calculate the remainder when 20 is divided by 2.
0
Calculate the remainder when 1562 is divided by 49.
43
Calculate the remainder when 566 is divided by 52.
46
What is the remainder when 2158 is divided by 135?
133
What is the remainder when 3902 is divided by 122?
120
Calculate the remainder when 319 is divided by 43.
18
Calculate the remainder when 68 is divided by 29.
10
What is the remainder when 1081 is divided by 530?
21
What is the remainder when 929 is divided by 24?
17
Calculate the remainder when 136 is divided by 46.
44
Calculate the remainder when 193 is divided by 57.
22
What is the remainder when 59 is divided by 10?
9
What is the remainder when 36 is divided by 13?
10
Calculate the remainder when 47 is divided by 26.
21
What is the remainder when 87 is divided by 58?
29
What is the remainder when 780 is divided by 254?
18
Calculate the remainder when 3277 is divided by 82.
79
Calculate the remainder when 135 is divided by 50.
35
What is the remainder when 17 is divided by 8?
1
What is the remainder when 2980 is divided by 42?
40
Calculate the remainder when 308 is divided by 28.
0
Calculate the remainder when 229 is divided by 9.
4
Calculate the remainder when 24 is divided by 24.
0
Calculate the remainder when 287 is divided by 96.
95
What is the remainder when 4171 is divided by 13?
11
Calculate the remainder when 273 is divided by 15.
3
Calculate the remainder when 257 is divided by 106.
45
What is the remainder when 29 is divided by 8?
5
Calculate the remainder when 9447 is divided by 18.
15
What is the remainder when 182 is divided by 49?
35
What is the remainder when 78206 is divided by 32?
30
What is the remainder when 1893 is divided by 623?
24
What is the remainder when 748 is divided by 57?
7
Calculate the remainder when 142 is divided by 83.
59
Calculate the remainder when 144 is divided by 5.
4
Calculate the remainder when 190 is divided by 21.
1
What is the remainder when 65 is divided by 28?
9
What is the remainder when 191 is divided by 64?
63
Calculate the remainder when 4 is divided by 2.
0
What is the remainder when 1423 is divided by 95?
93
What is the remainder when 438 is divided by 54?
6
Calculate the remainder when 580 is divided by 181.
37
Calculate the remainder when 11067 is divided by 15.
12
What is the remainder when 61 is divided by 7?
5
What is the remainder when 25 is divided by 11?
3
Calculate the remainder when 99 is divided by 22.
11
Calculate the remainder when 1307 is divided by 653.
1
What is the remainder when 283 is divided by 24?
19
What is the remainder when 3010 is divided by 74?
50
What is the remainder when 48884 is divided by 252?
248
Calculate the remainder when 55 is divided by 7.
6
What is the remainder when 370 is divided by 169?
32
Calculate the remainder when 167 is divided by 19.
15
Calculate the remainder when 864 is divided by 126.
108
What is the remainder when 171 is divided by 86?
85
Calculate the remainder when 399 is divided by 52.
35
What is the remainder when 143 is divided by 15?
8
What is the remainder when 154 is divided by 32?
26
Calculate the remainder when 121 is divided by 21.
16
Calculate the remainder when 6861 is divided by 16.
13
What is the remainder when 616 is divided by 195?
31
Calculate the remainder when 621 is divided by 48.
45
Calculate the remainder when 1679 is divided by 27.
5
What is the remainder when 3736 is divided by 36?
28
What is the remainder when 176 is divided by 90?
86
What is the remainder when 297 is divided by 20?
17
Calculate the remainder when 114 is divided by 24.
18
What is the remainder when 178 is divided by 80?
18
What is the remainder when 2013 is divided by 12?
9
What is the remainder when 229 is divided by 11?
9
Calculate the remainder when 404 is divided by 53.
33
What is the remainder when 133 is divided by 45?
43
What is the remainder when 271 is divided by 50?
21
Calculate the remainder when 351 is divided by 91.
78
What is the remainder when 1022 is divided by 79?
74
What is the remainder when 101 is divided by 38?
25
What is the remainder when 22 is divided by 9?
4
Calculate the remainder when 107 is divided by 23.
15
Calculate the remainder when 89 is divided by 35.
19
Calculate the remainder when 48 is divided by 43.
5
What is the remainder when 4550 is divided by 123?
122
What is the remainder when 184 is divided by 59?
7
What is the remainder when 225 is divided by 19?
16
Calculate the remainder when 172 is divided by 44.
40
Calculate the remainder when 60 is divided by 38.
22
What is the remainder when 2584 is divided by 858?
10
What is the remainder when 5408 is divided by 41?
37
What is the remainder when 7590 is divided by 31?
26
What is the remainder when 332 is divided by 20?
12
Calculate the remainder when 717 is divided by 28.
17
Calculate the remainder when 165 is divided by 15.
0
What is the remainder when 176 is divided by 15?
11
What is the remainder when 432 is divided by 17?
7
Calculate the remainder when 99 is divided by 15.
9
Calculate the remainder when 499 is divided by 20.
19
Calculate the remainder when 1842 is divided by 4.
2
What is the remainder when 312 is divided by 31?
2
Calculate the remainder when 4869 is divided by 163.
142
Calculate the remainder when 830 is divided by 268.
26
What is the remainder when 99 is divided by 18?
9
What is the remainder when 38 is divided by 13?
12
Calculate the remainder when 82 is divided by 73.
9
Calculate the remainder when 1168 is divided by 145.
8
What is the remainder when 393 is divided by 183?
27
What is the remainder when 31 is divided by 15?
1
What is the remainder when 1827 is divided by 576?
99
What is the remainder when 112 is divided by 34?
10
What is the remainder when 459 is divided by 21?
18
Calculate the remainder when 1633 is divided by 126.
121
What is the remainder when 1030 is divided by 511?
8
Calculate the remainder when 234 is divided by 54.
18
Calculate the remainder when 260 is divided by 38.
32
What is the remainder when 84 is divided by 21?
0
What is the remainder when 488 is divided by 70?
68
Calculate the remainder when 1543 is divided by 17.
13
What is the remainder when 724 is divided by 225?
49
What is the remainder when 39 is divided by 16?
7
Calculate the remainder when 1047 is divided by 30.
27
What is the remainder when 407 is divided by 103?
98
What is the remainder when 1084 is divided by 35?
34
Calculate the remainder when 37 is divided by 18.
1
What is the remainder when 339 is divided by 129?
81
Calculate the remainder when 157 is divided by 53.
51
What is the remainder when 258 is divided by 52?
50
What is the remainder when 245 is divided by 35?
0
Calculate the remainder when 26 is divided by 9.
8
What is the remainder when 14466 is divided by 13?
10
Calculate the remainder when 3832 is divided by 16.
8
Calculate the remainder when 1362 is divided by 31.
29
What is the remainder when 938 is divided by 312?
2
What is the remainder when 835 is divided by 9?
7
Calculate the remainder when 286 is divided by 36.
34
What is the remainder when 254 is divided by 15?
14
Calculate the remainder when 64 is divided by 12.
4
What is the remainder when 796 is divided by 105?
61
What is the remainder when 476 is divided by 16?
12
What is the remainder when 50 is divided by 22?
6
What is the remainder when 1065 is divided by 523?
19
What is the remainder when 6119 is divided by 85?
84
What is the remainder when 3179 is divided by 86?
83
Calculate the remainder when 8980 is divided by 747.
16
What is the remainder when 54 is divided by 19?
16
What is the remainder when 31